 Determine f(2).
-12
Suppose -2*v - 10 = -7*v. Suppose -v*g = -3*g - 5. Let j(y) = -y**3 - 7*y**2 + y - 1. Let n(z) = z**2. Let c(i) = j(i) + 2*n(i). Determine c(g).
-6
Let q be 5 + 0 - (-4)/(-2). Let i be (2/q)/((-2)/(-12)). Let v(k) = -k**2 + 4*k. What is v(i)?
0
Suppose 0 = 3*x - 2*o + 13, 4*x + 21 = -x + 3*o. Let q(j) = -j**2 - 3*j + 3. Determine q(x).
3
Let g = -5 + 3. Let t(r) = -9*r - 2. Determine t(g).
16
Suppose 41*s - 14 = 39*s. Let x(a) = a - 10. Give x(s).
-3
Suppose -m = -f, -f - 4*f = -2*m. Let v(s) = -s**3 + 3*s**2 - 3*s - 15. Let y(w) = 2*w**2 - w - 1. Let z(p) = v(p) - 2*y(p). Calculate z(m).
-13
Let v(r) = -r + 18. Let h be v(8). Suppose 0*w = 2*w - h. Let d(l) = -l**2 + 2*l + 7. What is d(w)?
-8
Let w(u) be the third derivative of 0*u - 1/60*u**5 + 1/12*u**4 - 1/120*u**6 + 0 - 6*u**2 + 1/6*u**3. Calculate w(-2).
1
Let x = -3 + 6. Suppose -q + x*s = -5, 0 = -0*q - 2*q + 5*s + 9. Let n(v) = -v. Calculate n(q).
-2
Let v(t) = -3*t**3 + 6 - 3*t + t**3 + 3*t**3 - 6*t**2. Calculate v(6).
-12
Let b = 5 - 9. Let n(h) = 2*h**2 + 6*h + 4. Determine n(b).
12
Let m(j) = -j**2 + 8*j + 3. Suppose 4*l - 8 = 16. Give m(l).
15
Let t(f) = 3*f**2 + 2*f + 1. Suppose 2*h + y = -6, -2*h + 4*h = -5*y - 22. Let p be t(h). Let l(g) = g - 2*g**p + 4 + 3*g**2 - 2 - 4*g. Calculate l(3).
2
Let x(z) be the first derivative of -z**2/2 + 1. Let i(w) = w**2 + w + 15. Let l be i(0). Let j be ((-4)/(-10))/((-3)/l). Calculate x(j).
2
Let b(l) be the second derivative of -l**5/20 + l**4/3 + 2*l**3/3 + 7*l**2/2 - l. Let i be 12*-5*15/9. Let x be (2/8)/((-5)/i). Calculate b(x).
2
Suppose -h + 2*t = 8, -4*h + 3*t - 17 = -2*t. Let k(f) = -4*f**2 - 3*f + 2. What is k(h)?
-20
Suppose -4*o - j - 2*j + 14 = 0, 5*o - 14 = -2*j. Suppose -3*p + 26 = 5*b - 2*p, 3*b = 5*p + 10. Let y(r) = b*r**o - r - 8*r**2 - 4*r**2. What is y(-1)?
-6
Let z(c) be the third derivative of c**6/120 + 7*c**5/60 + c**4/4 + c**3/3 - 8*c**2. What is z(-6)?
2
Let z(l) = -5*l**2 - l - 1. Let q(k) = -4*k**2 - k - 1. Let y(w) = -6*q(w) + 5*z(w). Suppose 14 - 2 = 4*x. Give y(x).
-5
Let f(z) = 13*z**3 - 5*z**2 + z + 7. Let v(a) = 7*a**3 - 2*a**2 + 3. Let o(u) = 6*f(u) - 11*v(u). Determine o(7).
2
Let p(f) = f - 2. Let w(c) = -c - 8. Let h be w(-6). Let q be h/1 - (5 - 3). Let g be (-1)/q + (-17)/4. Give p(g).
-6
Let u(o) = 2*o - 1. Let v(b) = -b + 8. Let w be v(7). Let m be u(w). Let q(d) = 17*d + 3. Let p(g) = 9*g + 2. Let i(r) = 5*p(r) - 3*q(r). Determine i(m).
-5
Suppose 2*l = 18 - 2. Suppose -l*c + 3*c = -25. Let t(u) = u - 10. What is t(c)?
-5
Let q(s) = 4 - 5*s + s**2 + 2*s - 2*s - 1. Calculate q(4).
-1
Let t(o) = o**3 - o + 2. Let j be t(0). Suppose 0 = 2*y - j*g - 6, -2*y + 3*g + 3 = -1. Let p(c) = 2 + 2*c - y*c**2 + 6*c**3 + c**2 - 1 + 5*c**2. What is p(-1)?
-6
Let f(s) = -s + 1. Let x(b) = -b**2 + 5*b. Let z(o) = 6*f(o) + x(o). Determine z(0).
6
Let p(l) = -2*l - 4. Let k be -2*((-3)/2 - 2). Let f(t) = 5*t + 7. Let o(q) = k*p(q) + 3*f(q). Calculate o(5).
-2
Let m(i) = -5*i**2 + 1. Let w = -7 - -11. Let y(j) = -j**3 + 4*j**2 + j - 3. Let a be y(w). Let u(o) = 2*o - 1. Let v be u(a). Give m(v).
-4
Suppose 0 = -4*d + 3*w, 4*w - 11 = 5*d + 3*w. Let q be 8/d*9/4. Let r(z) = -z**2 - 6*z - 1. Give r(q).
-1
Let a(b) = -15*b - 1. Let k(s) = 13*s + 1. Let m(d) = -6*a(d) - 7*k(d). Let t = 11 - 18. What is m(t)?
6
Let k(i) = -i**3 - 4*i**2 + 2. Let v(m) = -m**2 + 7*m - 16. Let b be v(4). Calculate k(b).
2
Let r(g) = g - 1. Let w(p) = -28*p + 35. Let o(a) = -35*r(a) - w(a). What is o(-1)?
7
Let c(m) = m**2 + 5*m + 5. Let h(q) = -q**2 - 5*q - 5. Let w(t) = -4*c(t) - 5*h(t). Give w(-4).
1
Let x(i) = i**2 - 3*i - 4. Let q = -20 + 21. Suppose -3*s = -w + q, -5*w = -w + 4*s - 20. Calculate x(w).
0
Let c be ((-1)/(-2))/((-13)/(-156)). Let z(i) = -3 + i**2 - 1 + 0 + c*i. Determine z(-6).
-4
Let o(i) = 5*i**2 + 7*i - 8. Let s(w) = -w**2. Suppose 6 + 0 = -c. Let t(j) = c*s(j) - o(j). Calculate t(6).
2
Let p(h) be the second derivative of 0 - 3/2*h**2 + 7*h + 1/20*h**5 + 1/2*h**3 + 1/3*h**4. Calculate p(-3).
-3
Let w = 8 - 3. Suppose -2*p + 10 = 4*u, -w*u + 4*p = 12 - 44. Let h(i) = 3*i**2 + 5*i + 3 + 2*i**2 - u*i**2. Give h(-4).
-1
Let u(n) = n**3 + 7*n**2 + 6*n + 8. Let p = -130 + 124. Calculate u(p).
8
Let d = 89 - 94. Let a(v) = -v + 3. Let g(b) = -3*b + 5. Let r(j) = 5*a(j) - 2*g(j). Calculate r(d).
0
Let t(h) = -h**2 - 2*h + 4. Let d = 17 - 20. Determine t(d).
1
Let d(v) = -2*v - 5. Let n be d(-5). Let a(y) be the second derivative of -y**5/20 + y**4/2 - 5*y**3/6 - y**2 + 15*y. Determine a(n).
-2
Let m be 7 - (-2)/(-1 - 0). Let p(q) = -2*q**2 + 19*q + 27. Let x(z) = -z**2 + 9*z + 13. Let d = 32 + -19. Let g(o) = d*x(o) - 6*p(o). Calculate g(m).
-3
Let m(x) = x**2 - x - 2. Let v = 27 + -1. Suppose 4*d = -5*s + 2*s + 14, 3*s - 4*d + v = 0. Give m(s).
4
Let q(x) = -x**3 - 2*x**2 + 2*x + 2. Let t be q(-3). Let u be ((-3)/2)/((-2)/4). Let k(d) = 2 + 0*d + u + 1 - 2*d. Determine k(t).
-4
Let d(f) = -6*f**3 - 2*f + 1. Let z = 0 - -1. Let n(h) = 2*h + 1. Let r be n(z). Let j = -2 + r. Determine d(j).
-7
Let r(c) = -1 - 2*c - 8*c + 9*c. Determine r(-5).
4
Suppose 3*q - 2*z = z, -3*q + 4*z = 1. Let r = -2 - q. Let u = r - -2. Let b(j) = 3*j. What is b(u)?
-3
Let i(g) = -g**2 - g - 1. Let f(m) = 2*m**2 + 8*m - 1. Let d = -2 + -1. Let a(z) = d*i(z) - f(z). Determine a(3).
-2
Suppose 4*d - 5*x - 35 = 0, -5*d + 13 + 15 = -x. Let j(t) = 0*t - 5 + 3*t - t**2 + 10. Calculate j(d).
-5
Let c(g) = 4*g**2 - 1. Let v(l) = 7*l**2 - 3. Let m(x) = 5*c(x) - 2*v(x). Determine m(-1).
7
Let r(v) = v**3 - 7*v**2 + v - 6. Suppose 0 = 9*d - 6*d - 12. Suppose -d*h = 5*k - 8 - 35, 4*h - 15 = -k. Calculate r(k).
1
Suppose 3*q - h = -0*q - 2, -5*h = -3*q - 22. Let c(j) be the second derivative of -1/2*j**2 + 0 + 5*j - 1/5*j**5 + 1/3*j**3 + 0*j**4. Calculate c(q).
-3
Let g = 5 - -3. Let s(q) = g - 153*q - 1 + 154*q. Give s(-5).
2
Suppose 193 = -3*a - n, a - 5*n = -0*a - 75. Let r = a - -40. Let l be 2/10 - (-55)/r. Let t(x) = -x**3 - 2*x**2 + x - 1. Give t(l).
-3
Let z(l) = -2*l + 1. Let r be (-5)/30 + (-146)/(-12). Let q(x) be the first derivative of x**2/2 - 11*x + 2. Let b be q(r). Determine z(b).
-1
Let d(i) be the first derivative of 5/2*i**2 - 1/3*i**3 - 3 - 2*i. Calculate d(5).
-2
Suppose 3*a = -5 + 14. Let q be 7 + 6/a*-1. Suppose -5*m - k + 11 = 0, 4*m = 2*m + q*k - 1. Let g(i) = -i**2 + 5*i - 1. What is g(m)?
5
Let k(f) = -f - 8. Suppose -2*p - 24 = -5*p. Let b = -8 + p. Suppose b*i = -4*i - 20. Give k(i).
-3
Let o = 0 - 0. Suppose -4*j - 2 + 14 = 0. Suppose o = -4*z + j*z. Let k(h) = -h**2 + 4. Determine k(z).
4
Let d(p) = -p**2 + 2*p - 2. Suppose 3*s - 4*s = 27. Let r be 4/(-18) - 6/s. Suppose r = -0*z - 2*z + 6. Calculate d(z).
-5
Let x be (-2)/9 + 22/18. Let y(q) = 8 - 6 + 7*q**3 - 2*q - 1. What is y(x)?
6
Let l(x) = x + 6. Let o(g) = -1 + 1 + g + 1. Let s(u) = l(u) - 5*o(u). Suppose -4*i = -8*i + 4. Give s(i).
-3
Suppose 16 = -4*b + 5*x - 5, 5*b + 5*x - 30 = 0. Let a(r) = -20*r - 3. Let j(s) = -7*s - 1. Let k(c) = -6*a(c) + 17*j(c). Determine k(b).
2
Let r be -1 - (4/1)/(-1). Let h(f) = f + 1. Let k be h(3). Let q(s) = -r + 0 + k - s. Calculate q(5).
-4
Let d = 26 + -26. Let a(r) = r**3 - r**2 + r - 6. Calculate a(d).
-6
Let w(j) = -8*j**3 - j. Suppose -2*s = -2*a - 6, -2*s + a + 6 = 4*a. Suppose f = -s*m - 2, 2*f = 5*m + 7*f. What is w(m)?
9
Let r = 32 + -35. Let m(o) = -o - 2. Give m(r).
1
Let c(d) = 0*d**2 - 2*d**2 - 3*d + 4*d**2. Suppose 3*t - 2*t = 0, 5*m = 2*t + 15. Calculate c(m).
9
Let i(k) = k**3 + 7*k**2 + 8*k + 5. Let g be 4/(-14) + 208/91. Suppose 0 = 3*c - n + 20, g*c = -2*c - 5*n + 5. Calculate i(c).
15
Let m(z) = 7*z. Suppose j + 11 = -x + 3*j, 26 = -2*x + 5*j. Let q = -1 - x. Calculate m(q).
14
Let y(t) be the first derivative of -t**3/3 + t**2 - t - 3. Let m = -10 - -16. Let p = m - 2. What is y(p)?
-9
Let t(a) be the third derivative of a**7/840 - a**6/360 + a**5/60 - a**4/12 - a**3/3 - 2*a**2. Let u(q) be the first derivative of t(q). What is u(2)?
6
Let p = -8 + 10. Let x(z) = p - 2 + z**2 - 4*z. Let i be (-1)/(14/(-6) + 2). Calculate x(i).
-3
Let u(f) = -2*f. Let d be (-13)/4 - (-1)/4. Give u(d).
6
Let l(m) = -5. Let o(w) = w - 9. Let b(z) = -5*l(z) + 2*o(z). Let v = 4 + -9. Determine b(v).
-3
Suppose 0 = 